 (19 - 21) + (20 - 21 - (24 + 3))?
-30
36 + -43 + (2 - (-4 - -2))
-3
What is -7 - -6 - -3 - -8?
10
13 + (3 - (-11 - -10 - -5)) + -1
11
What is the value of (-2 - 7 - (58 - 109)) + -15?
27
What is (-16 - -1) + -9 + 17?
-7
What is 0 + 2 - ((32 - 12) + 1)?
-19
Calculate 1 + (9 + -16 - (9 - 5)).
-10
What is the value of 4 - (-1 + 8) - (-15 - -6)?
6
Calculate 3 - (11 - 20 - -16).
-4
Calculate 43 + -10 + -12 + 0.
21
What is (-19 - (-37 - 7)) + -9?
16
Evaluate (2 + 0 + -2 - (-35 + 35)) + 6.
6
Evaluate 20 - (32 - -18) - (-15 + (1 - -4)).
-20
(2 - 0) + (-7 + 9 - 0) - 15
-11
What is (-25 - -2) + (1 - (-8 + 10)) + 8?
-16
(-182 - -178) + (26 - (0 + 2) - 3)
17
Evaluate -6 + 5 + 1 - 2 - -8.
6
Calculate 3 - (59 + -67 + (3 - 1)).
9
What is the value of -5 + (2 - (-7 + 6)) - 15 - -1?
-16
What is the value of 7 + -4 + (3 - -2) + -7?
1
Calculate 25 - 6 - 16 - -17.
20
(6 - 13 - -22) + -1
14
What is the value of 4 + 2 + 1 + -6?
1
-9 + 3 + 13 + 24 + -30
1
Evaluate (14 + -5 - 2) + (-29 - -30).
8
Evaluate (15 - 8) + (-40 - -26) - (0 - 40).
33
Calculate -21 - (11 - (23 - (8 + -3))).
-14
What is ((-6 - -4) + 12 - 0 - -11) + -4?
17
What is 3 + (0 - 0) + (1 - 1) - 0?
3
Calculate -4 + -3 + -2 + 6 + -3 + -17.
-23
Calculate -4 + 4 - (-23 - -13 - -3).
7
Evaluate -11 + 13 - (23 + -11) - -19.
9
Calculate 9 + -2 - 9 - (-3 + -10).
11
Calculate 5 + 4 + (-1 - -4 - (-9 + 11)).
10
What is 8 + -4 - (-3 + (-4 - 3 - -14))?
0
What is (-2 - (-7 - -2)) + 67 + -59?
11
Calculate -30 - -15 - -20 - (-1 - -7).
-1
Evaluate (14 - (-1 - 7)) + (-19 - -17).
20
-10 + (14 - (0 - -8))
-4
Evaluate 1 - (-2 + (20 - 2)) - (-1 - 6).
-8
What is (15 + -4 - 5) + (14 - -2) + -9?
13
Calculate -22 - (-5 + 38 - 66).
11
Evaluate (-4 - 2) + (0 + 6 - -2) - -8.
10
1 - -17 - (-10 - -15)
13
What is -14 - -23 - ((-3 - -6) + -6 - 6)?
18
What is (-58 - -61) + (-5 - (15 + -4))?
-13
What is the value of 56 + -72 + -1 + 19?
2
(14 + -22 - -6) + (3 - (-3 + 0))
4
Evaluate 13 + -14 + (-23 - -14) + 0 + 31.
21
2 - 11 - ((-10 - 2) + 41 + -30)
-8
Calculate 11 - ((1 - 16 - -2) + 7).
17
What is the value of -11 - (1 + -4 - (144 - 142) - 4)?
-2
Evaluate -9 + (-20 + 22 - -1).
-6
Calculate -4 - (12 + (-8 + 5 - 5)).
-8
11 - (5 - ((0 - -5) + 4 + -4))
11
What is the value of (-10 - -38) + -12 + (-1 - (-3 - 1))?
19
Calculate 5 + 6 + (3 - (4 + 2)).
8
-1 + (8 - (7 + -4)) + -7
-3
Evaluate (-14 - (5 - 9 - 16)) + -10.
-4
(2 - 4) + -8 + (13 - 6)
-3
What is 21 + 1 + (7 - 8 - 10) + -1?
10
0 + -9 + (41 - 48) - -2
-14
Calculate -13 + 40 + (5 - 8) + (-4 - 1).
19
Calculate (120 - 124) + (0 - 1).
-5
-5 - (-10 - -17) - ((13 - -19) + -14)
-30
Evaluate 2 + -24 + (2 - (-1 + -16)) + -22.
-25
What is (2 - (14 + 7 + -13)) + 32?
26
What is (-2 - -6 - (38 - 27)) + 6?
-1
Evaluate (15 + -5 + -7 - 8 - 3) + -1.
-9
What is (0 - (19 - 5)) + 26 + (-1 - 1)?
10
What is the value of (-163 - -188) + (2 - -11)?
38
Calculate -19 - (0 - 17) - -2.
0
Evaluate (-9 - -15) + 2 + -16 - (-1 + 1).
-8
26 + 8 + (1 - (8 + 6) - 2)
19
Evaluate (0 - -33) + 157 + -175.
15
(8 - (-6 - -18)) + 6
2
What is the value of -15 - (-9 - 15 - -18)?
-9
What is the value of 1 + -1 + -3 + (-2 - (26 + -34))?
3
Evaluate 26 + 1 - (-36 + 18 + 23).
22
Evaluate (-7 - 7) + 6 - (-1 + -22).
15
Calculate 19 + -25 - (-1 - (5 - 1 - 4)).
-5
What is the value of (6 - -3) + -4 - (6 - 8 - 7)?
14
What is (936 - 930) + (-21 - (-2 - -1))?
-14
What is -16 + (-14 - (-59 - -17 - -4))?
8
Evaluate -1 - (-3 + -1 + 9 - 2).
-4
Evaluate 4 - -1 - 4 - (1 - 3).
3
-8 - (-18 - -25 - (10 + 2))
-3
9 + -15 - (-8 - (4 - 0))
6
Calculate 6 + -9 + (-3 + 29 - 4).
19
Calculate -1 + (8 - 3) + -8 + 6 + 1.
3
Evaluate -9 - (7 + -18) - ((0 - 5) + 2).
5
What is the value of -20 + -11 + 15 + 25?
9
(-5 - -22) + (24 - 33)
8
Evaluate (2 - -6) + 0 - (2 + 8 + -3).
1
Evaluate (9 - (6 + 4)) + -6.
-7
(21 - 32 - -41) + -21
9
Calculate 6 + -2 + (-2 - -2) - (-23 - -11).
16
Evaluate -7 + 12 + (-31 - -7) - 4.
-23
-10 - 4 - (-7 + 2 - -7)
-16
Evaluate 7 + (-8 - -9) + 9 + -29.
-12
2 + -1 + (-35 - 8 - -34)
-8
(-15 + 4 + 15 - -5) + (-7 - -1)
3
Calculate -43 + 35 - ((-15 - 2) + 3).
6
Calculate -31 + 28 + 33 + -23.
7
-45 + 41 + (0 - 7) - (2 - -15)
-28
-8 - (-4 + -3 + 3) - -2
-2
Evaluate 33 - (-31 + 13 + 29 - 4).
26
Calculate 35 - 40 - -14 - (25 - -1).
-17
Evaluate -15 - (-14 + -7 + 11).
-5
What is -8 - (-2 - (-8 - -4)) - 2?
-12
-2 + -1 - (-7 - (1 + 7 + -6))
6
Evaluate -31 + 22 + 12 - 31.
-28
What is the value of (1 - 17 - 4) + 9 - -23?
12
What is the value of 7 + (-5 - (-7 + -6)) - (8 - 7)?
14
(-4 - -7) + (-12 + 7 - -10)
8
What is the value of (-72 - -14) + 39 - (7 + -1)?
-25
What is (-7 - (10 + -24) - (2 + 9)) + -6?
-10
What is (-2 - -15) + -15 - 7?
-9
Evaluate -36 - (-10 - 8) - -12.
-6
Calculate 4 + (2 - 0) - (5 - -2).
-1
(3 + 1 + -5 - -2) + 1 + -2
0
What is -11 + (-3 - (-4 - 1)) + (361 - 338)?
14
What is the value of (72 - 85) + -7 + (6 - 4)?
-18
Evaluate -1607 - -1628 - (48 - 0).
-27
(3 - 9) + (-8 - (4 - 2)) + 11
-5
Calculate 2 + 5 + 1 - (2 + -6 - 0).
12
Evaluate (4 - 7) + -11 + 13 + 1.
0
Evaluate -6 - (-5 + (10 - 0) + 9 + -7).
-13
1 + 5 - ((13 - 12) + 2 - 3)
6
What is 3 + (3 - -5) - (15 - (-4 + 16))?
8
What is (133 - 137 - (1 + -5) - -28) + 6?
34
What is the value of -130 + 128 - (0 + -1 - 8) - 10?
-3
Calculate (55 - 21) + -26 + -15.
-7
(30 - (19 - 26)) + -26
11
Evaluate -38 + 25 + (-4 - -17) + (-5 - -3).
-2
-1 + 9 - ((6 - (-1 + -7)) + -8)
2
Calculate 1 + (-6 - 1) - -6 - (3 + -4).
1
31 - (-20 + 27 + 44)
-20
Calculate -10 + -1 + -5 + (3 + 11 - 3).
-5
5 - (-6 + 3 + 14)
-6
31 - (20 - -7) - (0 + -1)
5
Calculate -7 + (14 - 5) + (-30 - -26).
-2
Evaluate (3 - 2) + (-48 - -52 - (1 + -6)).
10
2 - ((4 - 1) + 2) - -2
-1
Calculate (-22 - (5 + -19 - -3)) + 1.
-10
Calculate (-15 - -55) + -47 + 9 + -2 + 1.
1
What is the value of 23 - (29 - 45 - -38)?
1
(-17 - -1) + (-19 - -32) + -2 + -16
-21
Evaluate -5 - (-1 - ((4 - 4) + -8)).
-12
Evaluate (-5 - -2 - 1) + (32 - 28 - 7).
-7
What is (0 + -5 - -26) + -6 + -4?
11
What is 2 + -1 + (-15 - (-36 - -22))?
0
Calculate 130 - 121 - (2 + 2 + -1 - 22).
28
What is the value of (-22 - (-63 - -33)) + -7 + 0?
1
-14 + (4 - 15) + (13 - 1)
-13
-2 + (27 - 12) + -16
-3
What is -446 + 445 - (-3 - -38)?
-36
Calculate (-2 - (6 - -6)) + -4 - (5 - 14).
-9
(2 - 10) + -6 - (-19 + 19)
-14
Evaluate 17 + ((-10 - -5) + -5 - (4 - 5)).
8
Calculate 23 - 22 - (-7 + 3).
5
What is the value of (9 + -19 - -28) + -8 + -27 - 5?
-22
Calculate (-9 - -1) + -4 - (52 + -40).
-24
13 - (-2 + 7) - (-23 - -32)
-1
What is the value of 2 + -6 + 1 + 0 + 3 + 1?
1
Evaluate (16 - 3) + -3 + -1 + -11.
-2
(-6 + 8 - 0) + -3 + 8 + 0
7
Calculate (22 - 20 - 12) + 15.
5
Calculate 1 - (8 + -24 + 23) - (1 + -7).
0
What is 7 - (-7 - (2 - 0 - -3) - -6)?
13
Evaluate 7 - (6 - 0 - (299 + -305)).
-5
-10 - (0 + 1) - (23 + (-29 - -3))
-8
Evaluate 4 + -4 + (11 - -1) - (-11 - -11).
12
What is -84 - -60 - (1 + 5 + 0)?
-30
What is the value of 10 - 2 - ((4 - -6) + -6 - 8)?
12
What is (-24 - -14) + 7 - (-9 + 1) - 13?
-8
Evaluate 1 + (7 - (18 - 4) - 4) + -4.
-14
What is -3 + -1 + 10 - (14 - -2) - -47?
37
(34 - (17 + 4)) + -5
8
Evaluate (78 - 106) + 8 + (1 - 0).
-19
Calculate (3 - 15) + -1 + (-6 - -4) + -3.
-18
What is the value of (-1 - (12 - (-1 + 9 + 15))) + -41?
-31
What is the value of -3 + (2 - 7 - -4) - (-26 - -17)?
5
Calculate (26 + -9 - 10) + 12 - 39.
-20
Evaluate (97 - 53) + (-4 - 2) - 14.
24
Evaluate (4 - 6) + (16 - 17).
-3
What is the value of -12 + 2 + -2 - (338 - 347)?
-3
Calculate -3 - (11 - 12) - -14.
12
-1 + 5 - (291 - 297)
10
What is the value of -7 + 6 + 44 + -43?
0
What is -8 + (-17 - -5 - -7) + 2?
-11
Evaluate 21 - 14 - (9 - 3).
1
What is the value of -4 - (9 - 4) - -15 - (10 - -1)?
-5
Calculate -10 + (-8 - (-24 + 0)).
6
Evaluate 0 + (-6 + 12 - 6) - -28.
28
22 - (6 - (-12 - -7))
11
What is 50 + -9 + -41 + 1 + (0 - 4)?
-3
2 + 2 - (56 + -60)
8
Calculate 5 + -7 + 2 - 6 - -4 - 9.
-11
-10 + (13 - 12) - (-4 + 4 + -10)
1
What is (-18 - (-15 - -4 - -1)) + 4 - -3?
-1
Evaluate 4 + -2 + 8 + -2 - -4.
12
Calculate (-14 + 32 - 11) + (1 - 15) - -5.
-2
Evaluate ((8 - 3) + 4 - (-4 + 10)) + 6.
9
0 - (3 - (9 - -1 - -4) - -5)
6
What is the value of (1 - 6) + (-8 - 13) + 35?
9
What is -42 - (-9 + -11 - 9)?
-13
What is the value of 9 + 1 - (-985 + 1000)?
-5
What is -201 + 188 - (2 + 19 + -4)?
-30
Calculate -1